
Let h(o) = -44*o - 8. Let j(t) = -t + 1. Let l(u) = -h(u) - 3*j(u). Let g be l(-1). Is 6/g - (48408/7)/(-3) a prime number?
False
Let a be 2/(1/16 + 0). Let j be 1*(-17 - -12) + 120. Let u = j - a. Is u a prime number?
True
Suppose -86266617 = 16*l - 412*l - 12936525. Is l composite?
False
Let t = -27 + 25. Let v be ((-4)/(-4))/(t/(-6)) + 2. Suppose -v*g + 554 = -1961. Is g prime?
True
Let q(k) = 64*k**2 + 4*k + 13. Let c be q(5). Suppose o = -885 - c. Is 6/3*(0 + o/(-4)) composite?
False
Suppose -2175*a - 618080 = -2207*a. Is a composite?
True
Let q be (-49)/(-7) + 890/2. Let s = q - 70. Is s a prime number?
False
Suppose -7*c = -2*c + 5*g - 225, -3*c + g + 151 = 0. Suppose 0 = 12*d + 1 - c. Suppose -d*b = 4*o - 2960, -4*b = -b - 5*o - 2196. Is b prime?
False
Let c = -62 - -87. Let j(l) = -18*l + 16*l - 9*l - c. Is j(-9) prime?
False
Suppose -35*n + 602514 + 898951 = 0. Is n a composite number?
False
Let i(a) = -13*a**3 - 18*a**2 + 4*a - 45. Let h be i(-8). Let p = -2794 + h. Is p a prime number?
True
Let i(z) = 26600*z - 15. Let q be i(2). Suppose 50*m = 45*m + q. Is m composite?
True
Suppose -21*z = -28*z + 49. Suppose 2605 = 12*f - z*f. Is f composite?
False
Let p(b) = -16292*b + 3297. Is p(-22) prime?
False
Let y(g) = 6*g**3 - 6*g**2 - 14*g - 5. Suppose -2*w = 3*p - 15, -15 = -4*w + w + 3*p. Let i be y(w). Suppose 4*c - 10461 = i. Is c prime?
False
Suppose 0 = -30*f + 1119719 + 192871. Is f composite?
False
Suppose -c + 2673 = -1938. Let s be 3/2 - 34588/24*-3. Suppose -c - s = -8*w. Is w composite?
False
Suppose 0 = -3*c - 2*w + 5*w + 27, w = -2*c + 18. Is (c + -5 - -2148) + -3 a prime number?
False
Let i(t) = 4698*t**2 - 55*t - 25. Is i(-4) a prime number?
False
Suppose 154 = 3*i - u, -5*u + 6*u = -1. Let k = -48 + i. Suppose -6*r - l + 4765 = -r, k*r = l + 2859. Is r prime?
True
Let w = -8137 + 4827. Is (w/5)/(-3 + 1) composite?
False
Suppose 0 = 2*c + 6, -4*c + 373857 = 2*d - 637079. Is d prime?
False
Let v = -1176 - -2437. Suppose 463 = -5*k + 2*p + 6760, v = k - 2*p. Is k composite?
False
Let k = 28221 - 43033. Let b = 22565 + k. Is b a composite number?
False
Suppose 4*x + n - 143 = 0, 5*x + 2*n - 163 = 6*n. Let m = -43 + x. Is (2/m)/((-9)/1548) a prime number?
True
Let p be (-5094)/(-2) - (-12)/(-12). Suppose -3*v + p = -5161. Is v a prime number?
False
Let q be 15664/10 - (-4)/(-10). Let b(g) = -104*g + 843. Let u be b(11). Let l = q - u. Is l a prime number?
True
Suppose 0 = -18*q + 319 + 77. Let n(f) = 2*f**3 - 26*f**2 + 3*f - 11. Is n(q) composite?
True
Suppose 3*j = -j + 3*g + 4, 0 = -g + 4. Suppose 5*r + m + 1822 + 1940 = 0, -2*r + j*m = 1518. Is (-3 - r - -1) + (3 - 3) a prime number?
True
Suppose 222*i + 36*i = 180277242. Is i a prime number?
False
Let o = -536 + 47443. Is o composite?
True
Is 7/(-77) + (-36)/11*(-12761)/14 a composite number?
True
Suppose -c + 69*b - 68*b + 263918 = 0, -3*b + 527841 = 2*c. Is c a prime number?
False
Let z be (-96)/(-32)*14/3. Suppose 0 = -z*l + 2*l + 8436. Is l a composite number?
True
Suppose -8*y - 50 + 26 = 0. Is y/5 - (-21984)/15 prime?
False
Let x(h) be the first derivative of 691*h**3/6 - 15*h**2/2 - 11*h + 12. Let v(q) be the first derivative of x(q). Is v(2) a prime number?
True
Suppose -44*i - 90 = -50*i. Let o(v) = 235*v - 79*v + i + 190*v. Is o(4) a prime number?
True
Is (-20)/80*(-1 - 1417563/15)*10 a prime number?
False
Suppose -5*f + 375367 = 3*p, -110835 = -5*p - 4*f + 514794. Is p a composite number?
True
Suppose z = 16 + 2. Suppose -5*o - 91 = -z*o. Suppose 0 = o*j - j - 9708. Is j composite?
True
Is 23 + -15 - 129*-635 - (1 - -3) composite?
False
Let v = 193 + -191. Is (3 - v)/(-1)*22947/(-3) composite?
False
Suppose 6*o = 13*y - 8*y - 288155, 4*y - 4*o - 230528 = 0. Is y a prime number?
True
Suppose 150*g - 21958679 = 4304651 + 11409320. Is g a composite number?
True
Let j = -125 + 128. Is ((-3)/(j/14339))/(-1) a composite number?
True
Let u(o) = 4*o + 307. Let m be u(0). Suppose 2*j + f = m, -4*j + f + 2*f = -629. Is j a prime number?
False
Suppose 3*r + 2*b = 7, -4*r + 0*b = 4*b - 8. Is 14961/r + -3 + 1 composite?
True
Let h(i) = 12*i**2 + 10*i - 17. Suppose -90 = -r + 7*r. Let t be (-6)/r + 235/(-25). Is h(t) composite?
True
Let l = 3412843 + -1509566. Is l prime?
True
Let y = 16 + -37. Let q = -246 + y. Let b = -140 - q. Is b a composite number?
False
Let c(m) = 128*m + 49. Let p = 98 + -80. Suppose 8*j + p = 10*j. Is c(j) a prime number?
True
Let j = -36 - -32. Let d be (-202)/j*(-6)/(-3). Suppose d - 436 = -5*t. Is t prime?
True
Suppose 21*v = -6*v + 27378. Is 1 - 3 - (3 - v*7) prime?
False
Suppose -7*z = -8*z + 4. Suppose -z*g = -3*g - 5*f - 928, -f = -4*g + 3636. Suppose -5*y + 2*h = -2*h - 4543, 0 = -y + h + g. Is y a prime number?
True
Let v = 64945 + -39958. Is 5/20 + (v/4 - 2) a prime number?
False
Suppose 59448 = 7*t - 19785. Suppose t = -3*z + 38664. Is z prime?
False
Suppose -3*g + 86098 = i, g - 344315 = 38*i - 42*i. Is i composite?
False
Let b be 7489200/140 - (1 + (-5)/7). Is b/4*(-860)/(-602) a prime number?
False
Let z(w) = w + 22*w**2 - 13*w**2 + 6 - 14*w**2 - w**3. Let h be z(-5). Is 7*(-10)/(h + -3) a prime number?
False
Let x be 196/12 + (21/(-9) - -2). Suppose -29 - x = -9*z. Suppose -z*u - 4561 = -5*w - 4*u, 3636 = 4*w - 4*u. Is w composite?
True
Let k(t) = 1480*t**3 + 5*t**2 - 3*t - 3. Let d be k(2). Suppose -2*w - j - 408 = -5154, j = 5*w - d. Is w composite?
False
Let m(y) = 4*y**3 - 10*y**2 + 18*y - 17. Suppose 2*a - 28 + 8 = -4*z, 0 = -a + 5*z - 18. Suppose 5*i - 21 = 2*n + 10, -a*i - 5*n + 24 = 0. Is m(i) composite?
False
Suppose -8*f - 5*f = -416. Suppose -3*r = -3*v - 55503, 4*r + 37*v - f*v - 74022 = 0. Is r a composite number?
False
Let m = -28 + 25. Is (-3593)/(3*3/27*m) a prime number?
True
Let q(j) = -207*j - 29. Let r be q(1). Is r/590 - (0 + (-15974)/10) prime?
True
Let p = 982 + -404. Let d(h) = -14*h - 341. Let g be d(-20). Let w = p + g. Is w a prime number?
False
Suppose 3*i + o - 222583 = 301514, 698818 = 4*i + 5*o. Is i composite?
True
Suppose -3*f = 2*c - 21, 7 + 11 = 3*f + c. Let o(u) = -u**2 - u + 34. Let j be o(f). Is j/(16/364) + -2 composite?
False
Suppose -257*r + 1435976 = -120*r - 129*r. Is r composite?
False
Let z = 241462 + -35871. Is z prime?
False
Let q = 245 - 247. Is (1 + q)*3*47062/(-6) a prime number?
True
Suppose -5*b + 4*k = 147, 2*k - 43 = 4*b + 77. Let w = -131 + b. Let m = 1051 + w. Is m a composite number?
True
Let a(w) = w**3 + 9*w**2 + 18*w + 14. Let n be a(-7). Let l be ((-35)/n)/((-1)/(-2)). Suppose -4*m + 3335 = m - l*y, 3*y + 3325 = 5*m. Is m a composite number?
True
Suppose -2*n = -5*v + 15, n - 9 = 2*v - 5*v. Suppose -2*o - 2 - 4 = h, n = 2*o + 4*h. Is 4 + (o - 1)*-77 a composite number?
False
Let c = 3 + 0. Suppose -y + 3 = 0, c*n + 755 = n - 5*y. Let o = -222 - n. Is o a composite number?
False
Is 49639893/(-581)*14/(-6) a prime number?
True
Let n be 48/2*(-17)/(-102). Is 1364 - n*12/16 prime?
True
Suppose 0 = -26*l + 32*l - 480. Suppose 0 = -2*k + 7*k + l. Is -201*((-2)/(-12) + 8/k) a prime number?
True
Let b = 178 - 173. Suppose -h = -5*m + 11541, -m + b*h - 4638 = -3*m. Is m prime?
True
Let r(h) = -443*h - 106. Let z(p) = -665*p - 159. Let j(k) = -7*r(k) + 5*z(k). Is j(-6) composite?
False
Suppose t - 81 + 69 = 0. Let y = -9 + 19. Suppose -3802 = y*n - t*n. Is n a composite number?
False
Let z = 191 - 19. Suppose -z*g + 170*g = -14374. Is g a prime number?
True
Is (-4)/(-3 + (-977637)/(-325890)) + 22/121 a prime number?
False
Suppose -5833637 - 1740554 = -47*d. Is d a composite number?
True
Suppose 49 + 651 = 5*i. Let c = i - 92. Suppose -c = -z + 749. Is z composite?
False
Let l(a) = 261*a**2 - 13*a + 9. Is l(16) a composite number?
False
Suppose 0 = 24*g - 18*g - 261438. Suppose -o = -3*o + 8, -4*o + g = 3*h. Is h composite?
False
Suppose 0 = -5*h + 15, -5*h - 1292 - 273 = -x. Let a = x - 637. Is a a composite number?
True
Let f(o) = o**3 - 6*o**2 + 2*o - 9. Let t be f(6). Let p(j) = -108*j**3 + 3*j**2 - 5*j - 4. Let v be p(t). Let g = v - -5487. Is g a prime number?
True
Let u = -6393 + 83294. Is u composite?
True
Let n(s) = 30*s + 116. Let i be n(-9). Is (7724/10)/(i/(-385)) prime?
True
Let s(v) = v**3 - 3*v**2 - 11*v + 2. Suppose 0 = 2*x - w - 15, 5*w = -4*x + 10 + 13. Let k be